{"id":1342,"date":"2023-06-04T12:00:31","date_gmt":"2023-06-04T12:00:31","guid":{"rendered":"https:\/\/amberg-art.com\/?page_id=1342"},"modified":"2023-12-04T20:06:30","modified_gmt":"2023-12-04T20:06:30","slug":"alp-gruem","status":"publish","type":"page","link":"https:\/\/amberg-art.com\/?page_id=1342","title":{"rendered":"Alp Gr\u00fcm"},"content":{"rendered":"\t\t<div data-elementor-type=\"wp-page\" data-elementor-id=\"1342\" class=\"elementor elementor-1342\" data-elementor-post-type=\"page\">\n\t\t\t\t\t\t<section class=\"elementor-section elementor-top-section elementor-element elementor-element-5d41aba elementor-section-boxed elementor-section-height-default elementor-section-height-default\" data-id=\"5d41aba\" data-element_type=\"section\">\n\t\t\t\t\t\t<div class=\"elementor-container elementor-column-gap-default\">\n\t\t\t\t\t<div class=\"elementor-column elementor-col-100 elementor-top-column elementor-element elementor-element-c687c35\" data-id=\"c687c35\" data-element_type=\"column\">\n\t\t\t<div class=\"elementor-widget-wrap elementor-element-populated\">\n\t\t\t\t\t\t<div class=\"elementor-element elementor-element-328e609 elementor-widget elementor-widget-heading\" data-id=\"328e609\" data-element_type=\"widget\" data-widget_type=\"heading.default\">\n\t\t\t\t<div class=\"elementor-widget-container\">\n\t\t\t\t\t<h2 class=\"elementor-heading-title elementor-size-default\">Alp Gr\u00fcm<\/h2>\t\t\t\t<\/div>\n\t\t\t\t<\/div>\n\t\t\t\t\t<\/div>\n\t\t<\/div>\n\t\t\t\t\t<\/div>\n\t\t<\/section>\n\t\t\t\t<section class=\"elementor-section elementor-top-section elementor-element elementor-element-c5b097b elementor-section-boxed elementor-section-height-default elementor-section-height-default\" data-id=\"c5b097b\" data-element_type=\"section\">\n\t\t\t\t\t\t<div class=\"elementor-container elementor-column-gap-default\">\n\t\t\t\t\t<div class=\"elementor-column elementor-col-100 elementor-top-column elementor-element elementor-element-c0bb711\" data-id=\"c0bb711\" data-element_type=\"column\">\n\t\t\t<div class=\"elementor-widget-wrap\">\n\t\t\t\t\t\t\t<\/div>\n\t\t<\/div>\n\t\t\t\t\t<\/div>\n\t\t<\/section>\n\t\t\t\t<section class=\"elementor-section elementor-top-section elementor-element elementor-element-323acf7 elementor-section-boxed elementor-section-height-default elementor-section-height-default\" data-id=\"323acf7\" data-element_type=\"section\">\n\t\t\t\t\t\t<div class=\"elementor-container elementor-column-gap-default\">\n\t\t\t\t\t<div class=\"elementor-column elementor-col-100 elementor-top-column elementor-element elementor-element-4206b82\" data-id=\"4206b82\" data-element_type=\"column\">\n\t\t\t<div class=\"elementor-widget-wrap elementor-element-populated\">\n\t\t\t\t\t\t<div class=\"elementor-element elementor-element-41826de elementor-widget elementor-widget-image\" data-id=\"41826de\" data-element_type=\"widget\" data-widget_type=\"image.default\">\n\t\t\t\t<div class=\"elementor-widget-container\">\n\t\t\t\t\t\t\t\t\t\t\t\t\t\t\t\t<a href=\"https:\/\/amberg-art.com\/wp-content\/uploads\/2023\/12\/Amberg-art.com-Seriegraphie-Lago-Palue-Alp-Gruem-14-c-Joe-Amberg-1500.jpg\" data-elementor-open-lightbox=\"yes\" data-elementor-lightbox-title=\"Lago Pal\u00fc auf der Alp Gr\u00fcm mit Piz Pal\u00fc, 80 x 80 cm (c) Joe Amberg\" data-elementor-lightbox-description=\"Lago Pal\u00fc auf der Alp Gr\u00fcm mit Piz Pal\u00fc, 80 x 80 cm (c) Joe Amberg\" data-e-action-hash=\"#elementor-action%3Aaction%3Dlightbox%26settings%3DeyJpZCI6MjIzMSwidXJsIjoiaHR0cHM6XC9cL2FtYmVyZy1hcnQuY29tXC93cC1jb250ZW50XC91cGxvYWRzXC8yMDIzXC8xMlwvQW1iZXJnLWFydC5jb20tU2VyaWVncmFwaGllLUxhZ28tUGFsdWUtQWxwLUdydWVtLTE0LWMtSm9lLUFtYmVyZy0xNTAwLmpwZyJ9\">\n\t\t\t\t\t\t\t<img fetchpriority=\"high\" decoding=\"async\" width=\"1500\" height=\"1500\" src=\"https:\/\/amberg-art.com\/wp-content\/uploads\/2023\/12\/Amberg-art.com-Seriegraphie-Lago-Palue-Alp-Gruem-14-c-Joe-Amberg-1500.jpg\" class=\"attachment-full size-full wp-image-2231\" alt=\"Lago Pal\u00fc auf der Alp Gr\u00fcm mit Piz Pal\u00fc, 80 x 80 cm (c) Joe Amberg\" srcset=\"https:\/\/amberg-art.com\/wp-content\/uploads\/2023\/12\/Amberg-art.com-Seriegraphie-Lago-Palue-Alp-Gruem-14-c-Joe-Amberg-1500.jpg 1500w, https:\/\/amberg-art.com\/wp-content\/uploads\/2023\/12\/Amberg-art.com-Seriegraphie-Lago-Palue-Alp-Gruem-14-c-Joe-Amberg-1500-300x300.jpg 300w, https:\/\/amberg-art.com\/wp-content\/uploads\/2023\/12\/Amberg-art.com-Seriegraphie-Lago-Palue-Alp-Gruem-14-c-Joe-Amberg-1500-1024x1024.jpg 1024w, https:\/\/amberg-art.com\/wp-content\/uploads\/2023\/12\/Amberg-art.com-Seriegraphie-Lago-Palue-Alp-Gruem-14-c-Joe-Amberg-1500-150x150.jpg 150w, https:\/\/amberg-art.com\/wp-content\/uploads\/2023\/12\/Amberg-art.com-Seriegraphie-Lago-Palue-Alp-Gruem-14-c-Joe-Amberg-1500-768x768.jpg 768w\" sizes=\"(max-width: 1500px) 100vw, 1500px\" \/>\t\t\t\t\t\t\t\t<\/a>\n\t\t\t\t\t\t\t\t\t\t\t\t\t\t\t<\/div>\n\t\t\t\t<\/div>\n\t\t\t\t<div class=\"elementor-element elementor-element-ed10c2b elementor-widget elementor-widget-text-editor\" data-id=\"ed10c2b\" data-element_type=\"widget\" data-widget_type=\"text-editor.default\">\n\t\t\t\t<div class=\"elementor-widget-container\">\n\t\t\t\t\t\t\t\t\t<h5 style=\"text-align: center;\">Lago Pal\u00fc auf der Alp Gr\u00fcm mit Piz Pal\u00fc, 80 x 80 cm (c) Joe Amberg<\/h5>\t\t\t\t\t\t\t\t<\/div>\n\t\t\t\t<\/div>\n\t\t\t\t\t<\/div>\n\t\t<\/div>\n\t\t\t\t\t<\/div>\n\t\t<\/section>\n\t\t\t\t<\/div>\n\t\t","protected":false},"excerpt":{"rendered":"<p>Alp Gr\u00fcm Lago Pal\u00fc auf der Alp Gr\u00fcm mit Piz Pal\u00fc, 80 x 80 cm (c) Joe Amberg<\/p>\n","protected":false},"author":1,"featured_media":0,"parent":0,"menu_order":0,"comment_status":"closed","ping_status":"closed","template":"","meta":{"footnotes":""},"class_list":["post-1342","page","type-page","status-publish","hentry"],"_links":{"self":[{"href":"https:\/\/amberg-art.com\/index.php?rest_route=\/wp\/v2\/pages\/1342","targetHints":{"allow":["GET"]}}],"collection":[{"href":"https:\/\/amberg-art.com\/index.php?rest_route=\/wp\/v2\/pages"}],"about":[{"href":"https:\/\/amberg-art.com\/index.php?rest_route=\/wp\/v2\/types\/page"}],"author":[{"embeddable":true,"href":"https:\/\/amberg-art.com\/index.php?rest_route=\/wp\/v2\/users\/1"}],"replies":[{"embeddable":true,"href":"https:\/\/amberg-art.com\/index.php?rest_route=%2Fwp%2Fv2%2Fcomments&post=1342"}],"version-history":[{"count":19,"href":"https:\/\/amberg-art.com\/index.php?rest_route=\/wp\/v2\/pages\/1342\/revisions"}],"predecessor-version":[{"id":2255,"href":"https:\/\/amberg-art.com\/index.php?rest_route=\/wp\/v2\/pages\/1342\/revisions\/2255"}],"wp:attachment":[{"href":"https:\/\/amberg-art.com\/index.php?rest_route=%2Fwp%2Fv2%2Fmedia&parent=1342"}],"curies":[{"name":"wp","href":"https:\/\/api.w.org\/{rel}","templated":true}]}}